he value of 2 + -2 - ((2 - -3 - -2) + 2)?
-9
Calculate 5 - (-15 + -1) - (8 + 5).
8
What is the value of 4 - 1 - (-17 - -6 - -5)?
9
What is the value of 15 + -5 + 6 - 4?
12
What is 7 - 0 - ((-12 + 11 - -21) + -27)?
14
What is the value of (-5 - -4) + -4 + 15 + -4 - 3?
3
What is the value of 11 + (-21 - -12) + 4 + 6?
12
What is the value of 8 - (1 + 14 + -20)?
13
66 - (-59 + 116) - (1 + 27 + 1)
-20
-15 + 27 - 0 - 5 - (-1 + 25)
-17
What is (17 - ((4 - 4) + -4 + 14)) + -18?
-11
What is 5 + -13 + 13 + -10 - 18?
-23
What is the value of 12 - (14 - 8) - -4?
10
Evaluate 25 + -6 + 0 - 34.
-15
What is (-5 - (6 - (12 - -5))) + -23?
-17
Evaluate -7 + 6 + (0 - 7) - -15.
7
What is -5 + (-15 - -16 - 1)?
-5
((-10 - -14) + -26 - -6) + 4
-12
-68 + 67 + -2 + -1 + -1
-5
What is the value of (-16 - 7) + 6 + (4 - 4)?
-17
What is the value of 14 + 11 + -7 + (-6 - 1)?
11
What is the value of (0 - -7) + (-13 - -24 - 11) - 3?
4
What is the value of 5 - (3 + 4 + (-18 - -14))?
2
Evaluate -7 + 0 + (0 - (-56 + 34)).
15
30 + -12 + -13 + -21
-16
Calculate -6 + (25 - 1) - 37.
-19
Evaluate (-2 - -7) + 3 + (5 - (-3 + 6)).
10
Calculate -8 + (4 - 2) + 15 + (2 - 1).
10
Evaluate -6 + 0 + (-294 - -300).
0
Calculate -11 + (-2 - (2 - 6)) + (-6 - -1).
-14
19 - (16 - (-17 + 15))
1
What is the value of 6 + 2 - (7 + -18)?
19
Calculate -19 - (-33 + -15 + 15).
14
What is the value of (6 - -6 - 7) + 16 + -6?
15
Evaluate -4 + 0 - (-5 - -3) - (-19 + 13).
4
What is the value of -1 + -6 + -39 + 12 + 1 + 9?
-24
Evaluate 8 - ((7 - -2 - 19) + 6).
12
What is the value of -2 + -1 + (66 - 64)?
-1
What is the value of 4 - (-14 + 10) - (-1 + -3)?
12
What is 1 - ((12 - (-2 - -3)) + -8 + 2)?
-4
Calculate 5 - (8 - (20 + -7 + 3)).
13
Calculate 18 - (-27 - -86) - -23.
-18
What is 31 + -4 + 2 + -31?
-2
369 + -404 - (-13 - (-2 + 1))
-23
Calculate (26 - 20 - 23) + 13.
-4
What is 1 + (-3 + 0 - 1) - -13?
10
18 - 8 - (22 + -3) - 10
-19
What is (-7 - -2) + 5 - (10 + -4 + 0)?
-6
What is the value of (-7 - 1) + 31 + 0 + -6?
17
Calculate (-25 + (10 - -5) - (-7 + -2)) + 32.
31
Evaluate (-337 - -327) + 1 + -13.
-22
-5 + (7 - (-2 + (6 - -7)))
-9
What is 5 - ((-64 - -76) + -2 + 0 - -3)?
-8
Calculate -1 + -1 - (-61 - -73).
-14
Evaluate 57 + -60 - -10 - (10 + 0).
-3
What is -5 - -3 - (1 + -23 - 3 - -2)?
21
-1 - (11 - (11 + 3))
2
Evaluate 33 + -43 + (3 - (-1 + 0)) - -6.
0
What is the value of -16 - (-15 + 23 - 27)?
3
(11 + 5 - 32 - -15) + 5
4
What is the value of (2 - (-1 + 4) - (-8 - 0)) + 4?
11
What is 12 + 13 + -11 - 20?
-6
Calculate -38 - (4 - 20) - (-11 - 0).
-11
What is 12 + 3 + -15 + 19 - (1 - -4)?
14
Calculate -634 - -624 - (-30 + 2).
18
-57 + 50 + (-3 + (-5 - -5) - 0)
-10
Calculate -13 - (15 - 56) - 54.
-26
What is 1 + 15 + (-12 - 7) + 4 + -1?
0
Evaluate -3 - ((4 + (-4 - -7) - 19) + 6).
3
What is -1 + (8 - (9 + 2 + -8 - -8))?
-4
(7 + -8 - 2) + -7 + 0 + 0
-10
What is the value of -30 - (5 - 4 - 13)?
-18
Evaluate 0 + (6 - -4 - 6) - (-1 - -13).
-8
What is the value of 4 + -7 + (54 - 28 - (1 - -8))?
14
What is the value of -3 + (5 + 2 - (26 - 35))?
13
What is 7 + -2 + (6 - -2 - 4) + 4?
13
What is the value of 15 - (0 + -11 + 0 - (60 - 72))?
14
Calculate -7 + (2 - 3) + 2 + -11 + 6.
-11
Calculate -39 + -21 + 53 + -10.
-17
Evaluate 5 + -5 - -11 - (-7 - (4 + -21)).
1
What is the value of (-31 - (-2 + (-1 - -1))) + 166 + -158?
-21
(-9 - -14) + -3 + 0
2
What is (-4 - (-30 + 15)) + (-21 - 17)?
-27
Evaluate -20 + -6 + 16 + -8 + (-6 - -6).
-18
What is the value of -15 - 0 - (-50 + 50)?
-15
1 + 7 + -11 + 2
-1
Evaluate 4 + (1 - 3) + (-13 - -7).
-4
What is the value of 13 + 25 + -35 + -30 + 0?
-27
What is the value of 17 + -1 - (177 + -171)?
10
Calculate (-1 - -3) + 2 + (10 - (-13 - -20)).
7
Evaluate 7 + -21 + -43 - -30.
-27
Evaluate -15 + -1 + 7 - (0 - 11) - -3.
5
-25 + 7 - (0 + (3 - 8)) - -6
-7
Evaluate -1 + -16 - (-97 + 64).
16
What is 37 + -11 + (17 - 10) + -6 + 2?
29
Evaluate 0 + 6 + (1 + -3 - (-10 - -8)).
6
Calculate 16 + (5 - (1 + (-8 - -7))).
21
-11 - -26 - 14 - 8
-7
Evaluate -1 + (-2 + -23 - (6 + -2)) + 12.
-18
What is the value of -6 - 10 - (3 - 15) - -13?
9
What is the value of -3 + 9 + (0 - 1 - 4) + -5?
-4
What is (0 - (1 + 17)) + (-27 - -42 - 15)?
-18
What is the value of -25 + 35 + -11 + (4 + 1 - -1)?
5
17 - 10 - 16 - -10
1
What is the value of 8 + (4 - 0 - 8) + 9 - -2?
15
Calculate 18 - (-13 + 36 - -5).
-10
What is 10 - (4 - (-6 - 9))?
-9
What is 6 - (-12 + (16 - 8))?
10
What is the value of -26 + 21 + (19 - -2) - (7 - 17)?
26
-5 + (-20 - -19) + -23
-29
What is -10 - (-2 + 1) - ((-27 - -43) + -51)?
26
What is (66 - 37) + (2 - 14)?
17
Calculate -2 - 4 - (-11 + 8 + -11).
8
What is the value of 2 - 0 - (9 + -5 + 7)?
-9
What is the value of 1 + 20 + 498 + -509?
10
What is -9 - (0 - (-11 - -12)) - -12?
4
Calculate 36 + -27 + (-24 - -29).
14
What is the value of (0 - -9) + -4 + (17 - (-14 - -16))?
20
What is -3 + 15 + -41 + 69?
40
(-28 - -36 - 14) + (7 - 1)
0
What is -18 - 4 - (-323 + 336)?
-35
Calculate (-8 - -6) + 19 + (-113 - -136).
40
What is the value of -18 - ((-27 - -25) + 5)?
-21
What is the value of 0 + (20 - 12) - (-1 + 0)?
9
What is (0 - -3) + -30 + 40 + -9 + 4?
8
Evaluate -11 + 9 + (-12 - -4) + 37.
27
Evaluate 15 - (29 - 11) - -28.
25
What is the value of -10 + (-6 - -15 - 17 - -7)?
-11
What is the value of -6 + (-2 - (12 - (4 + 0)))?
-16
Evaluate -5 + 1 + 3 + -4 - -3.
-2
Calculate 30 + -81 + 34 + 36.
19
Evaluate -27 - (40 + -34 + -10).
-23
What is 13 - (-10 + 19 - -2)?
2
Calculate -6 - 3 - 1 - (-3 + -26).
19
What is the value of 2 + (0 - 3) + (4 - 1)?
2
Evaluate -5 + -7 + -6 + 14.
-4
Evaluate 0 + ((-12 - (-1 - 4)) + -5 - -6).
-6
What is 17 + ((-14 - -8) + 21 - 22)?
10
Evaluate -31 - -6 - (60 + -55).
-30
Calculate (9 - (4 - -5)) + -2 + -38 + 10.
-30
What is (-1 - (10 + -8 - 0)) + 4 - 4?
-3
What is the value of -11 + 22 - ((4 - -1) + -51 + 58)?
-1
What is the value of ((-15 - -12) + 1 - (-4 + -1)) + -1?
2
Calculate (4 - (3 - 11) - 23) + 12 - 40.
-39
Evaluate (3 + -4 - (8 + -21)) + -25.
-13
Calculate -7 - (-7 + 6 + -1 + -3) - -2.
0
Calculate 1 + -1 + (5 - (7 + -4 - -3)).
-1
Calculate (-2 + 11 - 10) + 19 - (-4 - -6).
16
(45 - 40) + 53 - 21
37
What is the value of -14 + 15 + (-10 - -11)?
2
Evaluate -24 + 8 - (-7 - -9).
-18
What is 16 + (9 + -22 - -14) + -11?
6
What is the value of -48 + 100 + -57 - (0 - 22)?
17
What is (1 - (15 - 11)) + 27?
24
What is the value of (-19 - 2 - -2) + (-2 - -22) + -10?
-9
Evaluate -1 + (-4 + (-3 + 2 - -7) - -2).
3
-20 + -1 + 0 + 3 + -122 + 121
-19
Calculate -1 + 18 + 3 + (4 - -5) + -12.
17
What is -38 - (15 - (9 - 25 - -47))?
-22
Evaluate (22 - -1) + -1 + 12 + (-47 - -28).
15
Calculate 9 - (10 + (-8 - -3) + -5).
9
What is 15 + 5 + 0 + 11?
31
(0 - (-15 + 19)) + (-4 - 0)
-8
What is 7 - ((1 - (1 + 1)) + 7 + 3)?
-2
What is the value of 241 - 240 - (2 + 13)?
-14
What is the value of 67 - 27 - 37 - (1 - (0 + 6))?
8
(-3 - (-14 - (-12 - -4))) + 11
14
(-134 - -139) + (-1 - 5)
-1
What is the value of -1 - 33 - (-572 + 526)?
12
What is (-6 + 9 - 14) + -6?
-17
What is (-7 - 2) + (-1 - (7 - -1)) + 4?
-14
60 + -58 + (2 + 0 - 1)
3
What is the value of -1146 + 1124 - (-12 + 1)?
-11
Calculate (-5 - 1) + (-236 - -239).
-3
What is the value of (-38 - -47) + -3 + -7 + 3?
2
What is the value of 24 - 50 - -54 - 23?
5
What is the value of -10 + 12 + -4 - (-1 - 6)?
5
Evaluate -13 - (-7 - 12 - -13).
-7
9 + -6 + (0 - 10)
-7
Evaluate 24 - (4 - (6 + 0 - 0)).
26
What is -30 + (45 - 15) + (-2 - -7)?
5
Evaluate -4 - -3 - -4 - (20 + 24 + -37).
-4
(6 - (-5 + 7)) + 11 + (-10 - -4)
9
Calculate 8 - (8 - 8 - (-11 - -5 - -11)).
13
What is -6 + 3 + 0 - 7 - (71 - 67)?
-14
Calculate (0 - 9 - (40 + -46)) + 12.
9
What is the value of -12 - -1 - (-14 + 7)?
-4
What is 2 - (-10 + 2 + -9)?
19
Calculate (0 - (6 - 11)) + -8 + (13 - 8).
2
Evaluate 5 + -13 + (0 - -5).
-3
What is the value of -4 + (-3 - -15) + (1 + -2 - -6)?
13
(-11 - (0 + -4)) + -2 + -46 + 38
-17
Calculate (4 - 8 - 3 - (-2 - 9)) + -17.
-13
Calculate -1 - (21 - 0 - 16).
-6
Evaluate 5 + -9 + (-8 - -9) + 1 + -8.
-10
Calculate -11 - (13 + -11) - (-3 + -7).
-3
Evaluate (-3 - (-11 + 0)) + 13 - 14.
7
2 + (-2 - -29) + -48
-19
What is (1614 - 1575) + (1 - 29)?
11
Calculate -5 - (11 + -21 + 10 + (11 - 3)).
-13
8 - 21 - -10 - -10
7
Calculate 1 + 1 + 4 + 5 + -3 + -2.
6
Calcul